{"id":66,"date":"2021-05-06T23:45:34","date_gmt":"2021-05-06T21:45:34","guid":{"rendered":"http:\/\/letangauxpetitsoignons.org\/?page_id=66"},"modified":"2021-05-06T23:45:36","modified_gmt":"2021-05-06T21:45:36","slug":"reglement-interieur","status":"publish","type":"page","link":"https:\/\/letangauxpetitsoignons.org\/index.php\/reglement-interieur\/","title":{"rendered":"R\u00e8glement int\u00e9rieur"},"content":{"rendered":"\n<figure class=\"wp-block-table\"><table><tbody><tr><td><strong>&nbsp;<\/strong> <strong>Association \u00ab L\u2019Etang Aux Petits Oignons \u00bb &#8211; AMAP de L\u2019Etang-la-Ville<\/strong> <strong>&nbsp;<\/strong><\/td><\/tr><\/tbody><\/table><\/figure>\n\n\n\n<p><\/p>\n\n\n\n<p><strong><u>Pr\u00e9ambule<\/u><\/strong><\/p>\n\n\n\n<p>Les principes fondamentaux de la Charte des AMAP, et les engagements qui en d\u00e9coulent sur les plans \u00e9conomique, \u00e9thique et social sont le socle de base de notre projet.<\/p>\n\n\n\n<p>Notre groupe est \u00e9galement tr\u00e8s attach\u00e9 \u00e0 la coh\u00e9rence des choix que nous posons, et \u00e0 leurs impacts sur tous les aspects de notre quotidien et de la vie de notre commune.<\/p>\n\n\n\n<ul><li>Avec notre producteur mara\u00eecher Cl\u00e9ment Benil, nous faisons le choix d\u2019une agriculture locale et nourrici\u00e8re, qui maintient et am\u00e9liore la sant\u00e9 des sols, des \u00e9cosyst\u00e8mes et des personnes, et qui s\u2019appuie sur des processus \u00e9cologiques, sur la biodiversit\u00e9, et sur des cycles adapt\u00e9s \u00e0 nos conditions locales.<\/li><li>Avec tous nos adh\u00e9rents, nous nous chercherons \u00e0 privil\u00e9gier les relations de proximit\u00e9 et de solidarit\u00e9 avec nos producteurs, fond\u00e9es sur la confiance, le respect, la promotion des \u00e9changes&nbsp;; le partage, la convivialit\u00e9 et l\u2019entraide&nbsp;; et la contribution au dynamisme de notre commune.<strong><u> <\/u><\/strong><strong><u><\/u><\/strong><\/li><\/ul>\n\n\n\n<p><strong><u>Article 1 \u2013 Adh\u00e9sion<\/u><\/strong><\/p>\n\n\n\n<p>La participation \u00e0 l&rsquo;Association <strong>\u00ab L\u2019Etang Aux Petits Oignons \u00bb <\/strong>implique une adh\u00e9sion annuelle, dont le montant est reconsid\u00e9r\u00e9 tous les ans par le Collectif et mis aux voix lors de l&rsquo;Assembl\u00e9e G\u00e9n\u00e9rale Annuelle.<\/p>\n\n\n\n<p>Les adh\u00e9rents de l&rsquo;Association sont nomm\u00e9s membres dans le reste du document.<\/p>\n\n\n\n<p>\u00ab L\u2019Etang Aux Petits Oignons<strong> \u00bb <\/strong>adh\u00e8re au r\u00e9seau r\u00e9gional des AMAP dit \u00ab AMAP Ile-de-France \u00bb. Pour cela elle reverse une partie du montant des adh\u00e9sions \u00e0 AMAP Ile-de-France.<\/p>\n\n\n\n<p><strong><u>Article 2 \u2013 Organisation et Groupes<\/u><\/strong><\/p>\n\n\n\n<p>L\u2019Etang Aux Petits Oignons est organis\u00e9e selon diverses instances, chacune occupant un r\u00f4le sp\u00e9cifique dans le fonctionnement de l\u2019association.<\/p>\n\n\n\n<p>Le <strong>Collectif<\/strong> a pour r\u00f4le d\u2019animer le fonctionnement de l\u2019ensemble de l\u2019association et en particulier de coordonner et valider les travaux des diff\u00e9rents groupes de travail.<\/p>\n\n\n\n<p>Le <strong>Bureau, issu du Collectif, <\/strong>est compos\u00e9 du pr\u00e9sident de l\u2019association, d\u2019un tr\u00e9sorier et d\u2019un secr\u00e9taire.<\/p>\n\n\n\n<p>Les divers <strong>Groupes de travail<\/strong> ont notamment&nbsp;pour responsabilit\u00e9:<strong><u><\/u><\/strong><\/p>\n\n\n\n<ul><li>La gestion de la relation avec les producteurs<\/li><li>L\u2019organisation de la distribution<\/li><li>La communication interne et externe<\/li><li>L\u2019installation de producteurs locaux<\/li><li>L\u2019animation, la convivialit\u00e9, les festivit\u00e9s<\/li><\/ul>\n\n\n\n<p>Une description compl\u00e8te de ces instances figure sur notre site internet \u00e0 la page suivante&nbsp;: lien.<\/p>\n\n\n\n<p>Chaque Groupe rend compte de ses travaux au Collectif et peut proposer des d\u00e9cisions qui seront soumises \u00e0 son approbation selon les modalit\u00e9s d\u00e9finies \u00e0 l\u2019Article 3 du pr\u00e9sent r\u00e8glement.<\/p>\n\n\n\n<p><strong><u>Article 3 \u2013 &nbsp;Convocations du Collectif et respect de ses d\u00e9cisions<\/u><\/strong><\/p>\n\n\n\n<p>Le Collectif est convoqu\u00e9 \u00e0 chaque fois qu\u2019il est n\u00e9cessaire sur simple demande d\u2019un de ses membres, et sur acceptation de l\u2019ordre du jour propos\u00e9 par la majorit\u00e9.<\/p>\n\n\n\n<p>Le Collectif est investi des pouvoirs les plus \u00e9tendus n\u00e9cessaires au fonctionnement de l\u2019Association et pour agir en toutes circonstances au nom de l\u2019Association. Les d\u00e9cisions sont prises par consensus et \u00e0 d\u00e9faut \u00e0 la majorit\u00e9 simple des pr\u00e9sents et repr\u00e9sent\u00e9s (1 pouvoir par pr\u00e9sent).<\/p>\n\n\n\n<p>Les comptes-rendus de r\u00e9unions sont diffus\u00e9s \u00e0 l&rsquo;ensemble des membres de l\u2019Association. Ceux-ci s&rsquo;engagent \u00e0 respecter les d\u00e9cisions prises par le Collectif.<\/p>\n\n\n\n<p><strong><u>Article 4 \u2013 Assembl\u00e9e G\u00e9n\u00e9rale Ordinaire<\/u><\/strong><strong><\/strong><\/p>\n\n\n\n<p>Cf. statuts de l\u2019AMAP L\u2019Etang aux petits oignons.<\/p>\n\n\n\n<p><strong><u>Article 5 \u2013 Assembl\u00e9e G\u00e9n\u00e9rale Extra-Ordinaire<\/u><\/strong><strong><\/strong><\/p>\n\n\n\n<p>Cf. statuts de l\u2019AMAP L\u2019Etang aux petits oignons.<\/p>\n\n\n\n<p><strong><u>Article 6 \u2013 Le vote et la qualit\u00e9 d&rsquo;adh\u00e9rent<\/u><\/strong><strong><\/strong><\/p>\n\n\n\n<p>Tout membre doit \u00eatre \u00e0 jour de sa cotisation pour voter.<\/p>\n\n\n\n<p>L\u2019adh\u00e9sion est possible sans souscription de contrat.<\/p>\n\n\n\n<p><strong><u>Article 7 \u2013 Contrats<\/u><\/strong><strong><\/strong><\/p>\n\n\n\n<p>Des contrats sont \u00e9tablis \u00e0 titre individuel entre un membre de l&rsquo;Association et un producteur.<\/p>\n\n\n\n<p>Il existe un contrat sp\u00e9cifique pour chaque producteur li\u00e9 \u00e0 l\u2019association.<\/p>\n\n\n\n<p>Avant chaque d\u00e9but de saison, le Groupe Producteur d\u00e9finit les termes du contrat avec le producteur :<\/p>\n\n\n\n<ul><li>Calendrier des dates de distribution des paniers.<\/li><li>Estimation du contenu des distributions.<\/li><li>Calcul du prix, des \u00e9ch\u00e9ances d&rsquo;encaissement des ch\u00e8ques.<\/li><\/ul>\n\n\n\n<p>Une fois mis au point, le contrat est propos\u00e9 \u00e0 l\u2019ensemble des membres.<\/p>\n\n\n\n<p><strong><u>Article 8 \u2013 Intermittent du panier<\/u><\/strong><strong><\/strong><\/p>\n\n\n\n<p>Il arrive qu\u2019un membre de l\u2019AMAP soit en vacances ou ne puisse r\u00e9cup\u00e9rer son panier. L\u2019AMAP L\u2019Etang Aux Petits Oignons propose alors un syst\u00e8me permettant \u00e0 un \u00ab intermittent du panier \u00bb, qui souhaite b\u00e9n\u00e9ficier de paniers ponctuels, de se mettre en relation avec l\u2019un de ces Amapiens indisponibles et de lui racheter son panier vacant.<\/p>\n\n\n\n<p>Ce service est ouvert \u00e0 tous&nbsp;; il n\u2019est donc pas n\u00e9cessaire d\u2019\u00eatre adh\u00e9rent de l\u2019AMAP pour en b\u00e9n\u00e9ficier.<\/p>\n\n\n\n<p><strong><u>Article 9 \u2013 Liste d\u2019attente pour les contrats<\/u><\/strong><\/p>\n\n\n\n<p>Une liste d&rsquo;attente est constitu\u00e9e. Ses membres seront amen\u00e9s \u00e0 remplacer des Amapiens quittant l\u2019Association (d\u00e9parts en court d\u2019ann\u00e9e, d\u00e9part \u00e0 la date d\u2019anniversaire).<\/p>\n\n\n\n<p>Les places seront attribu\u00e9es selon les crit\u00e8res suivants (par ordre de priorit\u00e9 d\u00e9croissante) :<\/p>\n\n\n\n<ul><li>Membres adh\u00e9rents et titulaires d\u2019un contrat<\/li><li>Membres adh\u00e9rents non titulaires d\u2019un contrat<\/li><li>Non adh\u00e9rents<\/li><\/ul>\n\n\n\n<p>L&rsquo;inscription sur la liste d&rsquo;attente ne garantit pas l&rsquo;obtention d&rsquo;un contrat.<\/p>\n\n\n\n<p><strong><u>Article 10 \u2013 Distributions<\/u><\/strong><\/p>\n\n\n\n<p>Au moins un membre du groupe Distribution coordonne chaque distribution. Il sera assist\u00e9 des adh\u00e9rents qui se seront inscrits pr\u00e9alablement lors de la signature du contrat.<\/p>\n\n\n\n<p>Le jour pr\u00e9vu, au lieu pr\u00e9vu, les responsables distribution de la semaine sont pr\u00e9sents une un quart d\u2019heure avant le d\u00e9but de la distribution.<\/p>\n\n\n\n<p>Ils disposent les tables, arrangent le local afin de proc\u00e9der \u00e0 la distribution.<\/p>\n\n\n\n<p>Ils accueillent les producteurs, d\u00e9chargent leur v\u00e9hicule et disposent les cagettes sur les tables, avec les balances.<\/p>\n\n\n\n<p>Ils affichent la composition des paniers de la semaine, suivant les indications donn\u00e9es par les producteurs.<\/p>\n\n\n\n<p>Les responsables distribution de la semaine accueillent au fur et \u00e0 mesure l&rsquo;ensemble des membres, leur font signer la feuille de pr\u00e9sence et proc\u00e8dent \u00e0 la distribution des produits.<\/p>\n\n\n\n<p>Durant la distribution, les producteurs sont l\u00e0 pour r\u00e9pondre aux questions des membres.<\/p>\n\n\n\n<p>Il est conseill\u00e9 de peser plut\u00f4t en valeur inf\u00e9rieure et de manipuler avec pr\u00e9caution les produits, pour que les derniers arrivants ne soient jamais l\u00e9s\u00e9s.<\/p>\n\n\n\n<p>A la fin de la distribution, les responsables distribution de la semaine rapportent les cagettes vides au v\u00e9hicule du producteur, rangent et nettoient la salle. S&rsquo;il reste des l\u00e9gumes (absents, surplus, etc. ), ceux-ci sont remis en priorit\u00e9 \u00e0 un organisme caritatif, ou, si la quantit\u00e9 de produits restants est faible, ils peuvent \u00eatre partag\u00e9s entre les membres pr\u00e9sents.<\/p>\n\n\n\n<p>Il est demand\u00e9 \u00e0 chacun de respecter le lieu de distribution et les horaires. Les enfants sont sous la responsabilit\u00e9 de leurs parents. Etant entendu que toute personne, adh\u00e9rente ou non, active ou en simple visite sur le lieu de distribution, ses abords, ou sur tout lieu de production sait qu&rsquo;il s&rsquo;y engage sous le couvert de sa propre responsabilit\u00e9 civile.<\/p>\n","protected":false},"excerpt":{"rendered":"<p>&nbsp; Association \u00ab L\u2019Etang Aux Petits Oignons \u00bb &#8211; AMAP de L\u2019Etang-la-Ville &nbsp; Pr\u00e9ambule Les principes fondamentaux de la Charte des AMAP, et les engagements qui en d\u00e9coulent sur les plans \u00e9conomique, \u00e9thique et social sont le socle de base de notre projet. Notre groupe est \u00e9galement tr\u00e8s attach\u00e9 \u00e0 la coh\u00e9rence des choix que &hellip; <\/p>\n<p class=\"link-more\"><a href=\"https:\/\/letangauxpetitsoignons.org\/index.php\/reglement-interieur\/\" class=\"more-link\">Continuer la lecture<span class=\"screen-reader-text\"> de &laquo;&nbsp;R\u00e8glement int\u00e9rieur&nbsp;&raquo;<\/span><\/a><\/p>\n","protected":false},"author":1,"featured_media":0,"parent":0,"menu_order":0,"comment_status":"closed","ping_status":"closed","template":"","meta":{"footnotes":""},"jetpack_sharing_enabled":true,"jetpack_likes_enabled":true,"_links":{"self":[{"href":"https:\/\/letangauxpetitsoignons.org\/index.php\/wp-json\/wp\/v2\/pages\/66"}],"collection":[{"href":"https:\/\/letangauxpetitsoignons.org\/index.php\/wp-json\/wp\/v2\/pages"}],"about":[{"href":"https:\/\/letangauxpetitsoignons.org\/index.php\/wp-json\/wp\/v2\/types\/page"}],"author":[{"embeddable":true,"href":"https:\/\/letangauxpetitsoignons.org\/index.php\/wp-json\/wp\/v2\/users\/1"}],"replies":[{"embeddable":true,"href":"https:\/\/letangauxpetitsoignons.org\/index.php\/wp-json\/wp\/v2\/comments?post=66"}],"version-history":[{"count":0,"href":"https:\/\/letangauxpetitsoignons.org\/index.php\/wp-json\/wp\/v2\/pages\/66\/revisions"}],"wp:attachment":[{"href":"https:\/\/letangauxpetitsoignons.org\/index.php\/wp-json\/wp\/v2\/media?parent=66"}],"curies":[{"name":"wp","href":"https:\/\/api.w.org\/{rel}","templated":true}]}}

Règlement intérieur

<figure class="wp-block-table"><table><tbody><tr><td><strong>&nbsp;</strong> <strong>Association « L’Etang Aux Petits Oignons » &#8211; AMAP de L’Etang-la-Ville</strong> <strong>&nbsp;</strong></td></tr></tbody></table></figure>



<p></p>



<p><strong><u>Préambule</u></strong></p>



<p>Les principes fondamentaux de la Charte des AMAP, et les engagements qui en découlent sur les plans économique, éthique et social sont le socle de base de notre projet.</p>



<p>Notre groupe est également très attaché à la cohérence des choix que nous posons, et à leurs impacts sur tous les aspects de notre quotidien et de la vie de notre commune.</p>



<ul><li>Avec notre producteur maraîcher Clément Benil, nous faisons le choix d’une agriculture locale et nourricière, qui maintient et améliore la santé des sols, des écosystèmes et des personnes, et qui s’appuie sur des processus écologiques, sur la biodiversité, et sur des cycles adaptés à nos conditions locales.</li><li>Avec tous nos adhérents, nous nous chercherons à privilégier les relations de proximité et de solidarité avec nos producteurs, fondées sur la confiance, le respect, la promotion des échanges&nbsp;; le partage, la convivialité et l’entraide&nbsp;; et la contribution au dynamisme de notre commune.<strong><u> </u></strong><strong><u></u></strong></li></ul>



<p><strong><u>Article 1 – Adhésion</u></strong></p>



<p>La participation à l&rsquo;Association <strong>« L’Etang Aux Petits Oignons » </strong>implique une adhésion annuelle, dont le montant est reconsidéré tous les ans par le Collectif et mis aux voix lors de l&rsquo;Assemblée Générale Annuelle.</p>



<p>Les adhérents de l&rsquo;Association sont nommés membres dans le reste du document.</p>



<p>« L’Etang Aux Petits Oignons<strong> » </strong>adhère au réseau régional des AMAP dit « AMAP Ile-de-France ». Pour cela elle reverse une partie du montant des adhésions à AMAP Ile-de-France.</p>



<p><strong><u>Article 2 – Organisation et Groupes</u></strong></p>



<p>L’Etang Aux Petits Oignons est organisée selon diverses instances, chacune occupant un rôle spécifique dans le fonctionnement de l’association.</p>



<p>Le <strong>Collectif</strong> a pour rôle d’animer le fonctionnement de l’ensemble de l’association et en particulier de coordonner et valider les travaux des différents groupes de travail.</p>



<p>Le <strong>Bureau, issu du Collectif, </strong>est composé du président de l’association, d’un trésorier et d’un secrétaire.</p>



<p>Les divers <strong>Groupes de travail</strong> ont notamment&nbsp;pour responsabilité:<strong><u></u></strong></p>



<ul><li>La gestion de la relation avec les producteurs</li><li>L’organisation de la distribution</li><li>La communication interne et externe</li><li>L’installation de producteurs locaux</li><li>L’animation, la convivialité, les festivités</li></ul>



<p>Une description complète de ces instances figure sur notre site internet à la page suivante&nbsp;: lien.</p>



<p>Chaque Groupe rend compte de ses travaux au Collectif et peut proposer des décisions qui seront soumises à son approbation selon les modalités définies à l’Article 3 du présent règlement.</p>



<p><strong><u>Article 3 – &nbsp;Convocations du Collectif et respect de ses décisions</u></strong></p>



<p>Le Collectif est convoqué à chaque fois qu’il est nécessaire sur simple demande d’un de ses membres, et sur acceptation de l’ordre du jour proposé par la majorité.</p>



<p>Le Collectif est investi des pouvoirs les plus étendus nécessaires au fonctionnement de l’Association et pour agir en toutes circonstances au nom de l’Association. Les décisions sont prises par consensus et à défaut à la majorité simple des présents et représentés (1 pouvoir par présent).</p>



<p>Les comptes-rendus de réunions sont diffusés à l&rsquo;ensemble des membres de l’Association. Ceux-ci s&rsquo;engagent à respecter les décisions prises par le Collectif.</p>



<p><strong><u>Article 4 – Assemblée Générale Ordinaire</u></strong><strong></strong></p>



<p>Cf. statuts de l’AMAP L’Etang aux petits oignons.</p>



<p><strong><u>Article 5 – Assemblée Générale Extra-Ordinaire</u></strong><strong></strong></p>



<p>Cf. statuts de l’AMAP L’Etang aux petits oignons.</p>



<p><strong><u>Article 6 – Le vote et la qualité d&rsquo;adhérent</u></strong><strong></strong></p>



<p>Tout membre doit être à jour de sa cotisation pour voter.</p>



<p>L’adhésion est possible sans souscription de contrat.</p>



<p><strong><u>Article 7 – Contrats</u></strong><strong></strong></p>



<p>Des contrats sont établis à titre individuel entre un membre de l&rsquo;Association et un producteur.</p>



<p>Il existe un contrat spécifique pour chaque producteur lié à l’association.</p>



<p>Avant chaque début de saison, le Groupe Producteur définit les termes du contrat avec le producteur :</p>



<ul><li>Calendrier des dates de distribution des paniers.</li><li>Estimation du contenu des distributions.</li><li>Calcul du prix, des échéances d&rsquo;encaissement des chèques.</li></ul>



<p>Une fois mis au point, le contrat est proposé à l’ensemble des membres.</p>



<p><strong><u>Article 8 – Intermittent du panier</u></strong><strong></strong></p>



<p>Il arrive qu’un membre de l’AMAP soit en vacances ou ne puisse récupérer son panier. L’AMAP L’Etang Aux Petits Oignons propose alors un système permettant à un « intermittent du panier », qui souhaite bénéficier de paniers ponctuels, de se mettre en relation avec l’un de ces Amapiens indisponibles et de lui racheter son panier vacant.</p>



<p>Ce service est ouvert à tous&nbsp;; il n’est donc pas nécessaire d’être adhérent de l’AMAP pour en bénéficier.</p>



<p><strong><u>Article 9 – Liste d’attente pour les contrats</u></strong></p>



<p>Une liste d&rsquo;attente est constituée. Ses membres seront amenés à remplacer des Amapiens quittant l’Association (départs en court d’année, départ à la date d’anniversaire).</p>



<p>Les places seront attribuées selon les critères suivants (par ordre de priorité décroissante) :</p>



<ul><li>Membres adhérents et titulaires d’un contrat</li><li>Membres adhérents non titulaires d’un contrat</li><li>Non adhérents</li></ul>



<p>L&rsquo;inscription sur la liste d&rsquo;attente ne garantit pas l&rsquo;obtention d&rsquo;un contrat.</p>



<p><strong><u>Article 10 – Distributions</u></strong></p>



<p>Au moins un membre du groupe Distribution coordonne chaque distribution. Il sera assisté des adhérents qui se seront inscrits préalablement lors de la signature du contrat.</p>



<p>Le jour prévu, au lieu prévu, les responsables distribution de la semaine sont présents une un quart d’heure avant le début de la distribution.</p>



<p>Ils disposent les tables, arrangent le local afin de procéder à la distribution.</p>



<p>Ils accueillent les producteurs, déchargent leur véhicule et disposent les cagettes sur les tables, avec les balances.</p>



<p>Ils affichent la composition des paniers de la semaine, suivant les indications données par les producteurs.</p>



<p>Les responsables distribution de la semaine accueillent au fur et à mesure l&rsquo;ensemble des membres, leur font signer la feuille de présence et procèdent à la distribution des produits.</p>



<p>Durant la distribution, les producteurs sont là pour répondre aux questions des membres.</p>



<p>Il est conseillé de peser plutôt en valeur inférieure et de manipuler avec précaution les produits, pour que les derniers arrivants ne soient jamais lésés.</p>



<p>A la fin de la distribution, les responsables distribution de la semaine rapportent les cagettes vides au véhicule du producteur, rangent et nettoient la salle. S&rsquo;il reste des légumes (absents, surplus, etc. ), ceux-ci sont remis en priorité à un organisme caritatif, ou, si la quantité de produits restants est faible, ils peuvent être partagés entre les membres présents.</p>



<p>Il est demandé à chacun de respecter le lieu de distribution et les horaires. Les enfants sont sous la responsabilité de leurs parents. Etant entendu que toute personne, adhérente ou non, active ou en simple visite sur le lieu de distribution, ses abords, ou sur tout lieu de production sait qu&rsquo;il s&rsquo;y engage sous le couvert de sa propre responsabilité civile.</p>

<p>&nbsp; Association « L’Etang Aux Petits Oignons » &#8211; AMAP de L’Etang-la-Ville &nbsp; Préambule Les principes fondamentaux de la Charte des AMAP, et les engagements qui en découlent sur les plans économique, éthique et social sont le socle de base de notre projet. Notre groupe est également très attaché à la cohérence des choix que &hellip; </p>
<p class="link-more"><a href="https://letangauxpetitsoignons.org/index.php/reglement-interieur/" class="more-link">Continuer la lecture<span class="screen-reader-text"> de &laquo;&nbsp;Règlement intérieur&nbsp;&raquo;</span></a></p>
